he highest common divisor of 374 and g?
34
Let g be 2/(-3 + 1)*-65. Let c = g - 43. Calculate the highest common factor of 11 and c.
11
Let k = -1 - -12. Calculate the greatest common divisor of k and 121.
11
Let x(b) = b**3 - b**2 - b + 2. Let a be x(3). Calculate the greatest common divisor of a and 153.
17
Let g(d) = d - 7. Let a be g(9). Let t = 12 - 10. Calculate the highest common divisor of t and a.
2
Let q = 50 - 35. Suppose i + q = 4*i. Suppose -i*u - 5*z = -35, z - 12 = -2*z. Calculate the greatest common factor of u and 21.
3
Let b be 3/(45/(-40))*(-27)/2. Calculate the highest common factor of b and 90.
18
Let f = -5 + 1. Let z be (12/f + 4)*33. Calculate the greatest common factor of 22 and z.
11
Suppose -2*h = -q - q - 4, 5*q = -5*h + 30. Let z be 1/2*(20 - q). Let d = 56 - 2. Calculate the highest common divisor of z and d.
9
Suppose g = -1 + 4. Let q(f) = f**2 - 3. Suppose -2*l + 8 = -4*l, 0 = -2*x - 5*l - 14. Let s be q(x). What is the greatest common factor of g and s?
3
Suppose 0 = x + x - 18. Suppose 0*d - 8 = 4*d. Let a be ((-1)/d)/(6/540). Calculate the highest common divisor of a and x.
9
Let j(b) = -6*b**3 - 4*b**2 - 3*b. Let n be j(-2). Suppose 22*z = 1618 + 472. Calculate the greatest common divisor of z and n.
19
Suppose l + 7*l - 280 = 0. Calculate the highest common divisor of 14 and l.
7
Suppose -3*q = -x - 5, -q = x + q - 10. Suppose i + x*i = 195. Let j(u) = 3*u**2 - u - 1. Let p be j(-2). What is the greatest common factor of p and i?
13
Suppose 0*r - 2*i + 16 = 3*r, -5*r - 2*i + 28 = 0. Calculate the highest common factor of r and 12.
6
Suppose -2 = -3*g + 28. What is the highest common factor of g and 2?
2
Let g be 1/(-1) - (-19)/1. Suppose 0 = b + 2*b - g. Let l be (-4)/(0 - 2) + -1. What is the highest common divisor of b and l?
1
Let d = 87 + -39. What is the highest common divisor of 24 and d?
24
Let t(s) = s**2 - s + 1. Let n be t(-9). Suppose n + 173 = 4*f. Let a be -1 + 26/2 + -1. What is the highest common divisor of a and f?
11
Let w(y) = 2*y**2 + 21*y - 7. Let k be w(-15). Calculate the greatest common divisor of k and 8.
8
Let f be (1/(-2))/(4/(-192)). Suppose -5*u + f = -u. Suppose 0 = r + 5*o - 23, -4*r + 104 + 73 = 3*o. Calculate the greatest common factor of u and r.
6
Let p be 2/(-8) - (-50)/8. Let n(h) = 3*h - 6. Let g be n(4). What is the highest common divisor of p and g?
6
Suppose 4*w + 30 + 14 = 0. Let a(i) = i**2 + 9*i - 15. Let o be a(w). Calculate the greatest common divisor of 77 and o.
7
Let d = 5 - -4. Suppose 11 = 4*r - d. Suppose 3*v - 4 = -0*v + 2*t, r*t - 16 = v. Calculate the greatest common divisor of v and 6.
2
Suppose 4*i = -2*s - i + 20, 5*s = -2*i + 92. Suppose -2*h + 45 = -15. What is the highest common factor of h and s?
10
Let h(q) = 9*q**2 - 4*q + 1. Let x be h(1). What is the highest common factor of x and 6?
6
Suppose 2*d + 21 = 3*d. Calculate the greatest common factor of d and 7.
7
Let a(s) = 31*s**2 - 2*s + 4. Let r be a(-2). Calculate the greatest common divisor of 12 and r.
12
Suppose 4*m + 1 = 53. Calculate the greatest common divisor of 13 and m.
13
Suppose -y - 4*j = 14 + 2, 9 = -3*y + j. Let o = y + 19. Let r be ((-210)/4)/((-2)/4). What is the highest common divisor of o and r?
15
Let x(w) = w**2 - 2*w - 2. Let l be x(-4). Let s be 8 + (2 - (-1 + 0)). Calculate the highest common divisor of l and s.
11
Let p = 34 - 18. Calculate the greatest common divisor of p and 128.
16
Let o be 22/(-3) + (-4)/6. Let f be (-2)/(-8) + (-230)/o. Let k = f + -14. What is the greatest common divisor of 135 and k?
15
Let s be (-1)/(2 - 15/6). Suppose -s*q - 46 = 4*x, -4*x + 0*q = 4*q + 52. Let b = 18 + x. What is the highest common factor of 16 and b?
8
Let i = 105 - 80. What is the highest common factor of 5 and i?
5
Suppose 4*x = 12, 0 = r - x - 0*x - 2. Let d = 8 - r. Suppose -30 = d*s - 5*s. Calculate the greatest common factor of s and 3.
3
Let q(z) = 3*z**3 - 5*z**2 + 3*z - 1. Let c be q(5). Suppose 3*w = 8*w, -4*d - 5*w = -c. Calculate the greatest common divisor of 22 and d.
22
Let c(g) = -g**3 + 9*g**2 + 4*g - 6. Let v be c(9). What is the greatest common divisor of 240 and v?
30
Let s be ((-3)/(-9))/(2/30). Let i = 11 - s. What is the highest common factor of 2 and i?
2
Let t(v) = v + 3. Let h be t(0). Suppose -z - h*z - o + 25 = 0, -2*z + 2*o = 0. Suppose z*a = 42 + 23. Calculate the highest common factor of a and 52.
13
Suppose -z - 2*r = 4*z - 148, 3*z = -4*r + 86. Calculate the greatest common divisor of z and 45.
15
Let g = -12 + 14. Calculate the highest common divisor of g and 2.
2
Suppose 4*h + d + 106 - 1682 = 0, 3*d + 381 = h. Suppose -1221 = -4*c - h. Calculate the highest common factor of c and 23.
23
Let z = 3 - 0. Let t be 51*z + 2 + -1. Let x be (3 + -1)*(7 - 0). What is the greatest common factor of t and x?
14
Let o(v) = 2*v + 78. Let k be o(0). Calculate the highest common divisor of k and 26.
26
Let x(g) = -g. Let q be x(-4). Suppose -b - 2*b + 41 = q*t, -t - 2*b + 14 = 0. Suppose -3*k + 7*k - 160 = 0. Calculate the highest common factor of k and t.
8
Suppose 4*q = -q + 15. Suppose 0*v - 2*v = 86. Let p = -31 - v. What is the greatest common factor of q and p?
3
Suppose -4*a - 5 = -3*a + c, 6 = -4*a + 3*c. Let f be 3/(-5)*165/a. What is the greatest common factor of f and 264?
33
Let y(h) = -17*h - 2. Let g be y(-1). What is the highest common divisor of 6 and g?
3
Let w be (-18)/(-5)*(-150)/(-9). Suppose -3*q - 4*x = -2*q - 8, -4*q + 3*x + 51 = 0. Calculate the greatest common divisor of q and w.
12
Let l = 68 + -40. Let y = l + 4. Calculate the greatest common factor of 8 and y.
8
Let k = 112 + -64. Calculate the highest common factor of k and 12.
12
Let h = 7 + -14. Let k = -6 - -13. Let u be 47/k + (-2)/h. Calculate the highest common divisor of 21 and u.
7
Suppose 3*v - 2*v - 50 = 0. Let b = v + -30. Calculate the greatest common factor of b and 5.
5
Let k(c) = -c**3 + 13*c**2 - 12*c + 28. Let g be k(12). What is the highest common factor of 21 and g?
7
Let g = -21 - -31. Calculate the greatest common divisor of g and 70.
10
Suppose -183 = -3*z - 5*t, 2*t + 0*t = -z + 60. Suppose 0 = -2*x + z + 18. Calculate the greatest common factor of 6 and x.
6
Suppose 3*c + 175 = 8*c. Let t = -4 - -7. Suppose -r = 5*b + 2 + t, -4*b - 33 = -5*r. What is the greatest common divisor of r and c?
5
Let s(w) = -9*w - 13. Let m be s(-3). What is the highest common factor of 224 and m?
14
Suppose x + 8 - 1 = 0. Let d = x + 30. What is the greatest common factor of d and 92?
23
Let i = 66 + -55. What is the greatest common factor of 11 and i?
11
Suppose 3*q = -2*l + 4*q + 42, -2*q = 3*l - 56. Calculate the greatest common divisor of l and 30.
10
Let r(g) = -g**2 - 5*g + 9. Let f be r(-7). Let j = f - -3. Let m = 20 + j. What is the greatest common factor of 9 and m?
9
Suppose 0*t + 3*t = 4*f + 1, f + 2 = -t. Let h be 10 - (3 + -1)*f. What is the highest common divisor of 132 and h?
12
Let r be (-2)/4 + (-686)/(-4). Let k = 44 - 25. Calculate the highest common divisor of r and k.
19
Suppose 4*a = 28 - 8. What is the highest common divisor of a and 55?
5
Let r = 21 - -9. Let n be 12/(-32) - 1255/(-40). Let j = n - 25. What is the greatest common factor of j and r?
6
Let j be ((-5)/5)/((-2)/(-6)). Let n = 5 + j. Suppose 16 = 4*d - n*d. What is the highest common factor of d and 72?
8
Suppose 3*u - 15 = -2*r + 8*u, -38 = -4*r + 2*u. Suppose 2*o = r + 4. Suppose 0 = z - 8*z + 392. Calculate the highest common factor of z and o.
7
Let j(a) = -a**2 - 6*a + 3. Let p be j(-6). Calculate the greatest common factor of p and 9.
3
Suppose -3*w - 774 = -6*w. Suppose 206 = 4*o + j, -5*o + 3*j + w = 4*j. Let r = -26 + o. Calculate the highest common factor of 13 and r.
13
Let z(w) = -w**2 + 5*w - 3. Let q be z(3). Suppose 0*f - q*f + 24 = 0. What is the highest common factor of 64 and f?
8
Let s be ((-34)/(-4) + 0)*4. Let r = 76 - s. What is the highest common divisor of 63 and r?
21
Let q be 4/6*6 - -16. Let w(b) = -b**3 + 6*b**2 - b + 2. Let s be w(4). Calculate the greatest common factor of q and s.
10
Suppose -3*d = d - 992. Calculate the greatest common factor of 31 and d.
31
Let n(l) = -l**2 + 5*l - 3. Let u(x) = x**2 - 4*x + 3. Let c(q) = 3*n(q) + 4*u(q). Let h be c